 t(m) = -m**2 + 7*m + 4. Calculate t(f).
-4
Let l(i) = -i**2 - 15*i - 20. Let x = 175 + -129. Suppose 0*d - d - 13 = h, -x = 3*d - 4*h. Calculate l(d).
-6
Let w(l) = -294*l + 1320. Let t(s) = -81*s + 377. Let z(g) = -18*t(g) + 5*w(g). Calculate z(-14).
-18
Let v be (69/92)/(3/20). Let u = 0 + 2. Let h(p) = -u*p + 4 - 5*p + v*p. Calculate h(5).
-6
Let o(c) = -c**2 - 21*c - 24. Let x(t) = 10*t + 13. Let n(p) = -3*o(p) - 5*x(p). Let g(l) = -2*l**2 - 12*l - 5. Let h(q) = 4*g(q) + 3*n(q). What is h(8)?
-7
Let p(x) be the second derivative of -x**4/12 - 5*x**3/6 - x**2 + 12*x - 3. Suppose 60*y + 15 = 55*y. Calculate p(y).
4
Let u(b) = -2*b**2 - 17*b - 43. Let t be (27 - 39)*(-1)/(-2). Calculate u(t).
-13
Let s(m) = -12*m - 1671*m**2 + 3339*m**2 - 1669*m**2 + 3*m + 12. Calculate s(-10).
2
Let m(a) = a**3 + 6*a**2 - 4*a + 7. Let n(q) = -50*q + 144. Let z be n(3). What is m(z)?
31
Let m be ((-162)/45)/(42/(-140)). Let p(l) = -l**2 + 8*l + 12. Calculate p(m).
-36
Let h(t) = -t**3 + 16*t**2 - 36*t - 4. Suppose 2*k - 573*g = -575*g + 6, 0 = -3*k - 2*g + 9. What is h(k)?
5
Let b(v) = -v**2 - 13*v + 33. Let w be b(-14). Let i(q) = 10 + 18 - w + q. Let g = 492 + -500. What is i(g)?
1
Let o be ((-1626)/27)/(8/(-12))*6. Let g = o + -359. Let v(k) = -90*k - 94*k + g*k + 0*k**2 - 2*k**2. Give v(-2).
-6
Let w(j) = -9*j - j**2 + 2*j + 0*j. Let h = -21 - -30. Let o = h + -14. What is w(o)?
10
Let w(r) = 20*r - 34. Let d(p) = 56*p - 100. Let m be (-24)/39*(-182)/28. Let o(i) = m*d(i) - 11*w(i). Calculate o(8).
6
Let d(k) be the first derivative of -10/3*k**3 - 9/2*k**2 - 4 + 0*k - 1/4*k**4. Determine d(-9).
0
Suppose 2*k = f + 4*k + 5, 5*f - k - 30 = 0. Let s(v) = f*v + 2*v - 7*v**2 - 3*v - 15 + 18 + 6*v**2. Let h(w) = w**2 - 3*w + 1. Let m be h(4). Give s(m).
-2
Let o(h) = -108*h - 1632. Let d be o(-15). Let c(u) = 4*u**2 + 47*u + 2. Determine c(d).
14
Suppose -2*t - 66 = -4*t + 13*t. Let a(b) = 8*b + 24. Determine a(t).
-24
Let y(r) = -r**3 - 7*r**2 - 5*r + 3. Let z = -13964 + 13961. Determine y(z).
-18
Let x(d) = 2*d**2 + 19*d - 2. Let h be x(-10). Let z(i) = -h - 14*i**2 - 10*i**2 + 5*i + 25*i**2. What is z(-6)?
-2
Let o(c) = -c**2 + 7*c - 15. Let v be o(5). Let t(d) be the third derivative of d**4/8 + d**3/6 - 1744*d**2. Give t(v).
-14
Suppose 2*s + 0*s = 58. Suppose -6*j - 11 + s = 0. Suppose -x = 4*v - 3*x - 18, -j*v + 5*x + 10 = 0. Let l(b) = -b**3 + 5*b**2 - b. Determine l(v).
-5
Let j(k) = k**3 - 4*k**2 + 4*k - 3. Let d = 402 - 397. Suppose -4*r + 5 = -w, -d*w + 23 = 8*r - 4*r. What is j(w)?
0
Suppose 0 = -5*d + 86*d + 552 + 96. Let t(g) = g**3 + 9*g**2 + 21*g + 110. Give t(d).
6
Let k be 29 - (-26568)/(-918) - (-354)/51. Let o(n) = -7*n - 2. Let b(t) = t + 1. Let s(j) = 6*b(j) + o(j). Calculate s(k).
-3
Let y(d) be the first derivative of -d**4/4 + 8*d**3/3 + 7*d**2/2 - 5*d + 416. Give y(7).
93
Let w(i) = -77*i - 226. Let y be w(-3). Let b be 1/6 + 11/6. Let a(l) = -l**3 - l + 17*l**2 - 12*l**b + 3*l. What is a(y)?
10
Let s(u) = -2*u**3 - 14*u**2 + u + 13. Suppose 0 = 3*g + 5*p + 16, 0*g + 5*g + 36 = p. What is s(g)?
6
Let d(y) be the first derivative of -y**3/3 - 3*y**2 - 6*y + 1037. Calculate d(-5).
-1
Let o(h) = 5*h + 3 + 5*h**2 - 3*h**3 - 3*h + 4*h**3. Let m be o(-4). Let x(f) = -3*f - 8 + 3*f + f - 1. Determine x(m).
2
Let v(m) = 1 + 10 - 5 + m. Let k(g) = -2*g - 8. Suppose -3*n = 2*l - 6*l - 1, l - 3 = 4*n. Let h be k(l). What is v(h)?
0
Let k(l) = -2*l**3 + 15*l**2 + 5*l + 18. Let d be k(8). Let x be (((-4)/d)/1)/((-5)/45). Let m(w) = -w**3 - 4*w**2 + 8*w - 4. What is m(x)?
20
Let m = -296 + 296. Let g(z) be the second derivative of m - z**2 + 0*z**3 + 1/12*z**4 - 3*z + 1/20*z**5. What is g(-2)?
-6
Let c(u) = -3*u**2 + 37*u + 3. Let k(x) = -5*x**2 + 56*x + 4. Let h(t) = 8*c(t) - 5*k(t). Let n be h(-17). Let z(j) = -n*j + 36*j + 3 - 16*j. What is z(-3)?
6
Let f(x) = -40*x**2 + 43*x - 7. Let j(l) = 22*l**2 - 23*l + 4. Let h(o) = -6*f(o) - 11*j(o). Let p = -9 + 6. Determine h(p).
-5
Let q(n) be the first derivative of n**3/3 + 9*n**2 - 37*n + 343. What is q(-15)?
-82
Suppose 3*o + 4 = 5*o. Let y(r) = 59*r**3 - 127*r**3 + 2 + 67*r**3 + 3*r**2 - 4*r. Calculate y(o).
-2
Let r(l) be the first derivative of -l - 1/2*l**2 + 1. Let b be (-4 - (-14)/3)/((-10)/15). Calculate r(b).
0
Let t be (5/5)/(1*3/(-3)). Let f be (0 - t*5)*9/15. Let l(v) = -v + 1 + 0*v**3 + 3*v + v**f - 5*v**2 + 2. Calculate l(3).
-9
Let h(u) = 12*u**3 + 7*u**2 - 21*u - 24. Let i(s) = 7*s**3 + 3*s**2 - 12*s - 11. Let y(b) = -4*h(b) + 7*i(b). Calculate y(6).
-17
Let n(r) be the second derivative of r**3/3 - 13*r**2/2 - 445*r. Let y = 32 + -21. Give n(y).
9
Let t(a) = a**2 - 3*a - 7. Let u be 48/((-8)/(48/9)). Let p = 86 + u. Let s = p - 49. What is t(s)?
3
Let v be 3/1*-2 + 6. Let z(u) = 9*u + 25. Let t(q) = 5*q + 13. Suppose 4*h + 1 = 3*o - 1, -2*o + 20 = 2*h. Let f(s) = o*z(s) - 11*t(s). Calculate f(v).
7
Let t(s) be the second derivative of s**6/120 - s**4/12 - 59*s**2/2 - 260*s. Let w(c) be the first derivative of t(c). Calculate w(-3).
-21
Suppose 3*y - 39 = -5*z - 8, 0 = -2*z + 5*y. Let q(p) = 0 - 5*p + 4*p + p**3 - z + 4. What is q(0)?
-1
Let d(o) be the second derivative of o**4/12 + 3*o**3/2 - 7*o**2/2 + 327*o + 1. Give d(-7).
-21
Let q be (-65)/7 + (-4)/(-14). Let y(n) be the second derivative of n**4/12 + 4*n**3/3 - 7*n**2/2 - 2586*n. What is y(q)?
2
Let n = -176 - -57. Let c = n - -123. Let m(h) = 5*h - 2. Determine m(c).
18
Let k(v) be the second derivative of -v**3/6 - v**2/2 + 151*v. Let y(o) = -4*o + 20. Let b(m) = -6*k(m) + y(m). Determine b(-14).
-2
Let r(q) = -q + 1. Suppose -4*z = 12 - 24. Suppose z*a - 3 = 6*a. Give r(a).
2
Let j(f) be the third derivative of -f**4/12 + 2*f**3/3 + f**2 - 254*f + 3. Give j(-4).
12
Let i be 6/(-15) - 340/(-100). Let w(o) = -2 - o + i*o + 2*o + 0*o. Give w(0).
-2
Let w(t) = 3*t**3 - 11*t + 4. Suppose 12*p - 51 = -8 - 7. Determine w(p).
52
Let z(a) = -3*a**2 - 9*a + 264. Let r be z(8). Let h(t) be the second derivative of r + 1/6*t**3 - 5/2*t**2 - t. Give h(4).
-1
Suppose -d = -2*d - 1. Let z(m) be the first derivative of -42 - 9/4*m**4 + m - 2/3*m**3 + 0*m**2. Calculate z(d).
8
Let f(b) be the third derivative of b**5/30 + 5*b**4/12 - 3*b**3/2 + 1799*b**2 + 3*b + 1. Calculate f(1).
3
Suppose 0 = -14*c - 51*c. Let u(l) = -l**3 + l**2 + 21. Give u(c).
21
Let v(q) = 5*q**3 + 2*q**2 + 14*q - 42. Let w(x) = 8*x**3 + x**2 + 12*x - 42. Let g(z) = 3*v(z) - 2*w(z). Give g(6).
-6
Let v(y) = -y**3 - 14*y**2 - 11*y + 14. Suppose 0 = 10*a - 9*a, 402 = -2*n + 4*a. Let m = 188 + n. Give v(m).
-12
Let j(b) = -2*b**2 - 9*b. Suppose -2*u - 8 = n, 2*n + 4*u - 3*u = -16. Give j(n).
-56
Let k(f) = -f**3 + 4*f**2 - f - 3. Suppose 12 + 6 = -6*c. Let u be -1*(-1)/((-1)/c). What is k(u)?
3
Let i = 27 + -22. Let p(t) = 2*t - i*t + t - 7*t. What is p(-2)?
18
Let a = 249 - 244. Let w be (-286)/110 + (-2)/a - 3. Let f(g) = -g**3 - 5*g**2 + 9*g + 1. Calculate f(w).
-17
Let j(h) = 2*h + 26. Let g(y) = -y - 9. Let k(s) = 8*g(s) + 3*j(s). Suppose 5*t = 5*w + 103 + 17, 0 = -2*t - 5*w + 41. Suppose -4*l = -t*l - 95. Give k(l).
16
Let j(m) = -11*m**3 + 2*m + 1. Let y(h) = -6*h**2 + 13*h + 22. Let q be y(-7). Let i = 362 + q. Calculate j(i).
10
Let y be (-5)/(50/(-46)) + (-4)/(-10). Suppose -9*w - y*w - 56 = 0. Let s(z) = z**2 + 9*z + 6. Determine s(w).
-14
Let u(s) be the second derivative of -s**5/20 - s**4/12 + 53*s**2/2 - 12091*s. Calculate u(0).
53
Let g = -140 - -134. Let m(v) = 4*v - 18. Give m(g).
-42
Let r(g) be the first derivative of -g**5/120 + g**4/3 + 18*g**3 - 82. Let k(x) be the third derivative of r(x). Give k(7).
1
Suppose -9 = -5*z - 2*r - 2, -4 = r. Suppose 2*w = -2*w + 4, 0 = 5*j + z*w - 73. Let k(n) = -n**3 + 14*n**2 + 8. Give k(j).
8
Let d(m) = 81*m**2 - 15*m + 3. Let a(h) = 23*h**2 - 5*h + 1. Let y(b) = 7*a(b) - 2*d(b). Let q(k) = -6*k**2 + 1. Let g be q(1). Determine y(g).
1
Let c(i) be the third derivative of 0 - 8*i**2 + 7/6*i**3 + 0*i - 1/60*i**5 + 1/8*i**4. Let l = 1083 + -1078. Give c(l).
-3
Let j be -2 - (5 - -4)/3. Let o(u) = 54*u - 16. Let r(p) = -32*p + 9. Let k(a) = -3*o(a) - 5*r(a). Give k(j).
13
Suppose 20445 = -12*n + 20625. Let l(x) = x**2 - 14*x - 21. Calculate l(n).
-6
Let h(t) = 79*t + 11 + 73*t + 84*t - 233*t. Determine h(-3).
